-19*k. Let g be 1 + (-2*4)/k. Suppose -b + 242 = g*f - 743, 804 = 4*f + 4*b. What are the prime factors of f?
2, 7
Let d be (0 - 6/10)/((-19)/95). Suppose -d*h + 13 - 4 = 0. Suppose 2*o = 5*i + 232, 5*o - h*o - 3*i = 228. List the prime factors of o.
3, 37
Let d(s) = 749*s**2 - 193*s + 1859. What are the prime factors of d(10)?
3, 24943
Suppose -3*n + 45 = 3*l, 0*n = 5*l - 3*n - 67. Let f(h) = 62*h + 24. Let g be f(l). Suppose g = -13*k + 17*k. What are the prime factors of k?
223
Let p(x) = -x - 16. Let q be p(-12). Let c be ((-2)/q)/(5/20). What are the prime factors of c*(3 + 129/6)*1?
7
Let o(s) = 5046*s**2 - 263*s - 8. List the prime factors of o(-3).
5, 9239
Let o = -17913 - -30661. List the prime factors of o.
2, 3187
Let w = -9591 - -38354. List the prime factors of w.
7, 587
Suppose -83*k + 94*k - 28017 = 0. Suppose -759 = -6*q + k. What are the prime factors of q?
19, 29
What are the prime factors of -3 + 1104984/207 + 4/(-46)?
5, 11, 97
Let b be ((-40)/100)/(2/30 + 0). Let x(u) = 21*u**2 + 2*u + 14. List the prime factors of x(b).
2, 379
Suppose -372 = -2*v - 5*h, -758 = -v - 3*v - 3*h. Let p = v - 37. List the prime factors of p.
2, 7, 11
Suppose 8*m - 974 = -110. Let k = 209 + m. List the prime factors of k.
317
Suppose 2*g = -3*a + 49740, 2*a = -83*g + 80*g + 33155. List the prime factors of a.
2, 8291
Suppose -134 = 7*t - 715. Let k = 77 - t. List the prime factors of ((-45)/k)/(2/20).
3, 5
Suppose -o - 2*z = 0, -4*z + 17 = 4*o - 3. Suppose 11*w = o*w + 108. What are the prime factors of w?
2, 3
What are the prime factors of 6/8 + (-10)/((-640)/208) - -2301?
5, 461
Suppose 0 = -2*s + 10 + 34. Let b = 85 - s. Suppose 176 = 2*w + 2*g, w - 9 - b = 3*g. What are the prime factors of w?
2, 3, 7
What are the prime factors of (18*(-1)/(-36))/(2/28772)?
7193
List the prime factors of (-3 + 3/2)*(2 + (-112328)/6).
43, 653
Let j(k) = -k**3 + 89*k**2 - 612*k + 106. What are the prime factors of j(55)?
2, 61, 71
Suppose -4*c + 1742 = -2*c - t, 0 = 2*t - 4. Let k = -551 + c. List the prime factors of k.
3, 107
Let p = 15 - -32. Let k = -41 + p. Suppose -k + 242 = 4*x - 4*v, 5*x = -2*v + 260. What are the prime factors of x?
2, 3
Suppose -2*s = 7*s - 990. Let n = s + -105. Suppose -n*u - 20 = -u, -5*k + 4*u = -770. What are the prime factors of k?
2, 3, 5
Let d = 557 - 1366. Let k = 1412 + d. List the prime factors of k.
3, 67
Let u be (-7)/2*286/(-77). Suppose -u*l + 7205 - 1680 = 0. List the prime factors of l.
5, 17
Let s be (1 + 0)*-1 + 3. Let q(x) = 56*x**2 + 34*x - 11. Let a(u) = -172*u**2 - 112*u + 34. Let o(w) = 3*a(w) + 10*q(w). List the prime factors of o(s).
2, 11
Suppose 30 = 3*i + 21. Let s(m) = -6 + 2 - i + 18*m**2 - 5 + m**3 + 11*m. What are the prime factors of s(-17)?
2, 3, 5
Suppose 5*g + 2*h - 29 = 0, 23 = 3*g + 2*g - h. Suppose -5*t - 72 = -i, -g*t = -t + 12. Let p = i - -12. List the prime factors of p.
3, 23
Suppose 0 = -3*u - 14 + 20. Suppose u*d - 9 = 23. Suppose d*h - 178 = 15*h. List the prime factors of h.
2, 89
Let m(g) = -g**3 - 6*g**2 + 17. Let a be m(-7). Let q = 74 - a. List the prime factors of q.
2
Suppose 5*q = -320*h + 324*h + 147672, -4*h = -3*q + 88616. List the prime factors of q.
2, 3691
Suppose 4*p + 356 = j + 18, 4*j - 1262 = -2*p. Suppose 0 = 5*b - 2*b + 2*h + j, -2*b = -5*h + 212. Let i = -55 - b. List the prime factors of i.
3, 17
Let o = 125 + -123. Suppose -o*t = 6*t - 3080. What are the prime factors of t?
5, 7, 11
Suppose 22 + 82 = -4*v. Let n(g) = -6*g - 124. What are the prime factors of n(v)?
2
Suppose -10714 = -5*k + 4*q, 773*q - 777*q + 16 = 0. List the prime factors of k.
2, 29, 37
Let o = -566 - -5126. Suppose 4*w = 4*g + o, 0*g = -3*w - 2*g + 3435. Suppose 8*t + w = 17*t. List the prime factors of t.
127
Let f be -2*2/(-5)*(-3090)/12. Let q be (2 + f/(-3))/(4/12). Suppose -3*i = -5*j - 173, 0*i - 4*i + q = -2*j. What are the prime factors of i?
3, 17
Let p = 794 + 9257. What are the prime factors of p?
19, 23
Suppose -496 = 2*p + 2*p. Let d be (-4)/(-16)*40*(-6)/(-5). What are the prime factors of 1/(-3) + (-1 - p/d)?
3
Suppose -86*t - 3*o = -91*t + 346723, -4*t + 277380 = -4*o. List the prime factors of t.
2, 11, 197
Let o(q) = 18489*q - 652. What are the prime factors of o(1)?
17837
Suppose -59*s = -14631 - 102189. List the prime factors of s.
2, 3, 5, 11
Let g be (-80)/(-30)*(4 + -3 - (-8 + -3)). Let q be (0 - 0) + -1 + 652. Suppose g*v - 29*v = q. What are the prime factors of v?
7, 31
Suppose 11137 = 2*y - 6*s - 8825, 5*y = -5*s + 49825. List the prime factors of y.
3, 3323
Let o be -52 - (-1 + -6 - (23 + -24)). Let y = o - -376. What are the prime factors of y?
2, 3, 5, 11
Suppose -14 = 2*g + l, 8*g - 4*l = 3*g - 22. Let m be 2/3 - 74/g. Suppose 9*q = m*q - 8. What are the prime factors of q?
2
Let y(h) = h**3 - 20*h**2 + 48*h - 17. What are the prime factors of y(27)?
2, 3191
Let q = 1247 + 22589. List the prime factors of q.
2, 59, 101
Let m = 59 + -50. Suppose m*j + 2*j - 2332 = 0. What are the prime factors of j?
2, 53
Let c = -589 + 400. Let d(x) = 42*x**2 + 162*x - 474. Let t be d(3). Let a = c + t. List the prime factors of a.
3, 67
Suppose r - i = 5, 5*i = -r + 2*r - 9. Let k be 6/16 + 166/(-16) + 10. Suppose -22 = -2*x - c + 4*c, -r*x + 4*c + 40 = k. List the prime factors of x.
2
Let j be ((-2)/(-2) + 0)/1. Let l be 2/(-4) - j/(-2). Suppose l = -6*m + 9*m - 153. List the prime factors of m.
3, 17
Let u(l) = -87*l + 8. Let d(x) = 43*x - 5. Let b(i) = -10*d(i) - 6*u(i). List the prime factors of b(5).
2, 3, 7, 11
Suppose -7*r + x + 30375 = -110814, 4*x = 3*r - 60506. What are the prime factors of r?
2, 5, 2017
What are the prime factors of 0/(-3) + ((-1)/5)/(2/(-201430))?
20143
Let s be ((-2)/4)/((-4)/8)*3. Suppose -s*n + 14*n = 0. Suppose 12*b - 2*b - 350 = n. List the prime factors of b.
5, 7
Let p(l) = -573*l + 940. List the prime factors of p(-55).
5, 6491
Suppose 5*o + 13*r - 10*r = 95664, -16*o + 306080 = 4*r. List the prime factors of o.
2, 3, 797
Let m = 29 - 18. Let v be (m - 20/5)/(2/2). Suppose 481 = 4*i - 4*h + v*h, 5*i + 5*h = 605. What are the prime factors of i?
2, 59
Let u(t) = 258*t**2 + 74*t - 1241. What are the prime factors of u(14)?
50363
Let a(c) = 31*c**3 + 26*c**2 - 158*c + 5. What are the prime factors of a(5)?
2, 5, 11, 17
Suppose 0 = 3*z - i - 422 + 110, i = -2*z + 203. Suppose 5*q - 24 = -154. Let c = z + q. List the prime factors of c.
7, 11
Let n = -34 + 34. Suppose -3*x = -n*x - 2169. List the prime factors of x.
3, 241
Let p be (-4 + 483 - 0) + -7 + 5. What are the prime factors of -1 + 0 + -3 - (-45 - p)?
2, 7, 37
Let t(x) = 38*x**2 + 15*x - 498. List the prime factors of t(16).
2, 5, 947
Let n(p) = 2*p - 54. Let v be n(21). Let o be (-2 + v/(-10))/(9/(-335475)). List the prime factors of (o/54)/10 + 2/(-9).
5, 11
Suppose 12*y - 9*y = 2*m - 194, 0 = -m - 2*y + 104. Suppose 31*s - 1388 - m = 0. List the prime factors of s.
2, 3
Suppose h + 288 - 402 = 0. List the prime factors of (h/38)/((-2)/(-1050)).
3, 5, 7
Suppose 24*c + 3*o = 19*c + 111684, 5*c - 2*o - 111669 = 0. List the prime factors of c.
3, 5, 1489
Suppose -15633 + 27279 = 9*u. What are the prime factors of u?
2, 647
Let r(k) be the first derivative of 2*k**3/3 - 4*k**2 - 40*k + 12. Let c be r(12). Suppose 0*f + 8*f = c. What are the prime factors of f?
19
Let p(u) = 2490*u - 259. List the prime factors of p(6).
53, 277
Let f = 41 + -34. Let p(m) = 14*m**2 - 4*m - 4. Let i be p(f). Suppose -11*h - 104 = -i. List the prime factors of h.
2, 5
Let s(y) = -10*y**2 + 38*y + 38349. What are the prime factors of s(0)?
3, 4261
Suppose 0 = -68*l + 59*l + 229023. List the prime factors of l.
25447
Let b(c) = -c**2 + 57*c - 41. Let l = 721 - 691. What are the prime factors of b(l)?
769
Let p be (-3)/(-6)*-6*(-1 - 0). Suppose -p*r = -3*i - 66, -4*r - 47 = 2*i - 3. List the prime factors of 2*(0 + i)/((-8)/6).
3, 11
Let g = 17155 - 7662. What are the prime factors of g?
11, 863
Suppose 0 = -13*g + 8*g + 4*b + 17, -g + 11 = 3*b. Let o be (1/g)/(-1)*-25. Suppose -3*c = 5*r - 104, -r - 3*c = o - 33. What are the prime factors of r?
19
Let o(d) = -168*d**3 + 6*d**2 + 6*d - 57. List the prime factors of o(-5).
3, 7, 17, 59
Suppose -1138747 = -246*p - 51649 + 784962. List the prime factors of p.